 -3*z - 2*d. Let s = z - 10. What is the tens digit of s?
2
Suppose -3*z + 11292 = -4*u - 7346, 24867 = 4*z - 3*u. What is the units digit of z?
2
What is the ten thousands digit of 23043 + (7/14)/((-85)/20 - -4)?
2
Let s be 56/1 - 1*-1*2. Suppose s = p + 55. Suppose 252 = 3*n + p*n. What is the units digit of n?
2
Let l = 55360 + 6391. What is the thousands digit of l?
1
Let m be ((-19536)/(-60))/((-1)/5). Let q = m + 2731. What is the tens digit of q?
0
Let k(f) = 5*f**3 - 23*f**2 - 13*f + 7. Let d be k(9). Suppose 3*g = d + 338. What is the units digit of g?
0
Let j = 52 - 116. Let v = 74 + j. Suppose v*r + 876 = 3*z + 5*r, 5*z - 1476 = 3*r. What is the units digit of z?
7
Let r = 224 - 118. Let n be 0 + -1 + 63 + -3. Suppose 5*k - r - n = 0. What is the tens digit of k?
3
Let w(g) = 6*g**3 + 11*g**2 + 9*g - 15. Let r(x) = 5*x**3 + 9*x**2 + 10*x - 15. Let v(a) = -7*r(a) + 6*w(a). What is the units digit of v(6)?
3
Let r(v) = -15*v + 129. Let q(b) = 14*b + 203. Let u be q(-16). What is the units digit of r(u)?
4
Suppose -11*v - 30 - 36 = 0. What is the hundreds digit of v/8 + 1 - 4509/(-12)?
3
Let o(l) = 52*l**2 + 23*l - 133. What is the thousands digit of o(9)?
4
Let z(f) = 7*f**2 + f + 8. Let d be z(-6). Suppose 0 = 23*j + 38*j - 32*j + 2755. Let v = j + d. What is the units digit of v?
9
Let p = 48619 + -33227. What is the tens digit of p?
9
Suppose -71*r = -70*r + 3*k - 130, -3*r - 3*k = -366. Suppose -4101 = -r*z + 115*z. What is the thousands digit of z?
1
Let h = 79 + -68. Suppose 6210 = h*q - q. What is the units digit of q?
1
Suppose 5*b - 5*x = 95, -4*b + 3*x + 79 = -2*x. Suppose -b*p = -12*p + 224. Let f = 290 + p. What is the units digit of f?
4
Suppose 9*h - 24*h = 660. What is the hundreds digit of h/33*2529/(-6)?
5
Let d(n) = 16807*n**3 + 4*n**2 - 50*n + 47. What is the units digit of d(1)?
8
Suppose 2*u - 7*u - 126 + 546 = 0. What is the units digit of u?
4
Suppose -36*a + 32*a + 3688 = 0. Suppose 7*v = a + 758. What is the tens digit of v?
4
What is the hundreds digit of 0/((4 + -5)*4) + 1*31127?
1
Suppose -3*i - 511 = -4*i - c, 3*i = 4*c + 1547. Suppose 17*g = 14*g + i. Suppose -s - 321 = -5*f, 5*f - 5*s - 154 = g. What is the tens digit of f?
6
Let y(q) = 4344*q**2 + 122*q - 253. What is the hundreds digit of y(2)?
3
Suppose 0 = 2*o + 12, 9*b - 2*o = 21902 + 46294. What is the units digit of b?
6
Let f(m) = -19*m - 82. Suppose -146 = 8*h + 30. What is the tens digit of f(h)?
3
Let f(m) = -3*m + 106*m**2 - 2 - 11*m - 1. What is the units digit of f(-2)?
9
Let w be 0 + (0 - -2 - -1)*185. Let d = -232 + w. What is the hundreds digit of d?
3
Let d be (-40 - -37)/((-6)/20). Suppose -3*u = -4*m + 1454, -2*u + 7*u = -d. What is the tens digit of m?
6
Let k(i) = 15*i + 23. Suppose -4*r = 3*f - 18, 2*f - 5*f + 3*r = -18. Let t be k(f). Let h = t + -86. What is the units digit of h?
7
What is the hundreds digit of 2*((-75)/(-20) + -4) + 3927/2?
9
Suppose 5*h - 30813 + 7373 = 5*l, -3*h = 4*l - 14071. What is the hundreds digit of h?
6
Let a be (-3)/(-15)*-1 - (-1879)/(-5). Let x = a - -606. Suppose x = 5*s + 5*d, 4*s - 4*d - 224 = -0*d. What is the units digit of s?
1
Let o be (-2930)/3*(-1 - 2). Suppose -o + 224 = -11*f. What is the units digit of f?
6
Suppose -692263 = 137*o - 130046 - 4498775. What is the thousands digit of o?
8
Suppose 0 = -3*q + 4*t + 2218, 4*q + 8*t - 5*t - 2924 = 0. Suppose -4*x - q = -6*x. What is the units digit of x?
7
Let y be (-58662)/102 - (12/(-51))/2. Let b = -273 - y. What is the hundreds digit of b?
3
Let b(p) be the second derivative of -23/2*p**2 - 36*p - 3/2*p**4 - 8/3*p**3 + 1/20*p**5 + 0. What is the tens digit of b(19)?
3
Suppose -20 - 10 = 6*v. What is the tens digit of (-2 + 109)/((-11 - v) + 7)?
0
Suppose 5*g - 2*k = 34395, -6*g = -7*g - 5*k + 6906. What is the units digit of g?
1
Let j = 1346 - 466. Let v = 1316 - j. What is the units digit of v?
6
Let u(p) be the first derivative of 13*p**3/3 + 37*p**2 + 30*p - 296. What is the thousands digit of u(-12)?
1
Let w(y) = y**3 + 6*y**2 - 5*y + 2. Let d be w(-5). Let r be 1/(6/(-148))*78/d. Let f = 73 + r. What is the units digit of f?
6
Suppose -258 = 5*m - t - 129, -3*m - 3*t = 63. What is the tens digit of 93/(m/(-35) + 6/21)?
9
Suppose -14743 = -4*u + 3*o, 3*u - 4440 - 6668 = -5*o. What is the tens digit of u?
9
Suppose -3*r = 9, -2*j - 15*r + 19*r = -22. Suppose j*x + 5*c - 3270 = 0, 2*x + 0*x - 3*c = 1323. What is the tens digit of x?
5
Suppose 74 = j + 2*m - 57, -3*j = -4*m - 433. Let o = 302 - j. What is the units digit of o?
3
Let p(g) = g**3 - 15*g**2 - 16*g + 3. Let n be p(16). Suppose -n*h + 1 + 37 = 4*c, 2*h = 3*c - 20. What is the units digit of c?
8
Suppose -5*h - 27 = -3*y, -3*h - 3*y = -7 + 4. What is the units digit of h - -148 - (7 + (-4 - 1))?
3
Suppose -17*d + 241093 = 12001. What is the thousands digit of d?
3
Suppose -372 = -4*c - 4*p, 69 = c + 2*p - 23. Suppose -6*g = -3*v - 2*g + 163, c = 2*v + g. Let q = v - -80. What is the hundreds digit of q?
1
Let g(h) = h**3 + 9*h**2 - h - 29. Let q be g(-7). Suppose -x + 142 + q = 2*m, 3*m = -4*x + 332. What is the units digit of m?
8
Let m = -489 + 751. Let c = 493 - m. What is the tens digit of c?
3
Let s(a) be the first derivative of -3*a + 172/3*a**3 + 2*a**2 - 3. What is the units digit of s(1)?
3
Let g(t) = 3*t**2 - t - 2. Let x be g(-1). Let w be x + (0/(-1))/(-5). What is the tens digit of -4 - (199 + w)/(-3)?
6
Let g(i) = 12196*i**2 + 214*i + 431. What is the hundreds digit of g(-2)?
7
Let i = 722 - 1090. What is the tens digit of (-32)/i - (-6850)/46?
4
Let l be -183 + 13/((-39)/(-6)). What is the units digit of 5 + (3 - 15) - l?
4
Suppose 2*r + 27 = -5*q - 29, -r - 53 = 5*q. Let f(a) = -41*a + 5. What is the tens digit of f(q)?
1
Let o = 22829 + -15578. What is the thousands digit of o?
7
Let m be (-20)/24 + (-166)/(-12). Let b(n) = n**3 - 11*n**2 + 17*n + 39. What is the units digit of b(m)?
8
Let s(o) = o**3 + 2*o**2 - 9*o. Let f be s(-4). Suppose f*d = -c + 138, 3*c + d - 6*d = 499. What is the hundreds digit of c?
1
Suppose 5889*s = 5908*s - 654607. What is the thousands digit of s?
4
Let t = 287 - 62. Let n = t - 109. Suppose -8*w + n = -6*w. What is the tens digit of w?
5
What is the tens digit of (-6)/2*1923*18/(-81)?
8
Let n(i) = -24*i + 5 + 12*i + 6. Suppose -15 = 5*m - 3*h, -4*h + 6*h = 4*m + 14. What is the tens digit of n(m)?
8
Suppose -16 = -4*y, -4*r - 4*y = r + 18299. What is the units digit of 1/6 - r/54?
8
What is the hundreds digit of (-1206405)/1938*8/5*-1?
9
Let k = 2852 - 2848. Let y be 2*2*(-1)/(-2). Suppose 0 = -2*t + 3*m + 225, -k*m + 3*m = y*t - 237. What is the units digit of t?
7
Suppose 7542057 + 551037 = 322*u - 13018192. What is the thousands digit of u?
5
Suppose 0 = 13*v - 3798 - 17600. Let k = v + -1138. What is the units digit of k?
8
Let n = 11540 + -3851. What is the hundreds digit of n?
6
Let r(m) = 1025*m**2 - 209*m - 1053. What is the thousands digit of r(-5)?
5
Let r = 118 - 116. Suppose -10*j + 4520 = -r*j. What is the tens digit of j?
6
Suppose g = 7*g - 36. Suppose -5*q = -3*h - 1574, 4*q = -2*h + g*h + 1264. What is the tens digit of q?
1
Let a(s) = s**3 + 13*s**2 + 14*s + 3. Let x be a(-10). Suppose -4*y + 877 + x = 0. What is the hundreds digit of y?
2
Let o(y) = y**2 - 308*y + 370. What is the hundreds digit of o(-111)?
8
Suppose 27 = m + 8*m. Let p be 10*m/(-18)*3/(-1). Suppose -p*w = -0*w - 215. What is the tens digit of w?
4
Let o = 2853 - 1648. Let g = 1838 - o. What is the hundreds digit of g?
6
Suppose 3 = 3*x, -38*x - 19074 = -5*y - 37*x. What is the hundreds digit of y?
8
Suppose -4*s + a = -0*s - 21, -7 = -3*s - a. Suppose 4*t = x - 1780, -s*x = -5*x + t + 1783. What is the thousands digit of x?
1
Let d = -8697 - -10684. What is the thousands digit of d?
1
Let h(i) = -i**3 - 23*i**2 + 30*i + 67. Suppose 189*o + 100 = 185*o. What is the units digit of h(o)?
7
Let g(a) = 45*a**2 - 4*a + 119. Let j be g(-14). Suppose j + 25715 = 26*p. What is the tens digit of p?
3
What is the hundreds digit of -7 - (3735720/(-252) + 6/21)?
8
Suppose 5*j + 7*q - 16 = 9*q, 4*j + q - 5 = 0. Suppose -1145 = -2*p + 3*s, -572 = -2*p - j*s + 558. What is the units digit of p?
8
Suppose 156516 = -20*v + 36*v - 10*v. What is the units di